 multiple of 10?
False
Is 805 a multiple of 89?
False
Is 71 a factor of 18460?
True
Does 5 divide 125?
True
Does 53 divide 4250?
False
Is 5 a factor of 2930?
True
Is 41 a factor of 171?
False
Is 2664 a multiple of 9?
True
Does 57 divide 1874?
False
Is 25740 a multiple of 66?
True
Is 9 a factor of 3078?
True
Does 15 divide 10199?
False
Is 8590 a multiple of 10?
True
Does 4 divide 7628?
True
Does 5 divide 3600?
True
Is 17 a factor of 9962?
True
Does 38 divide 3968?
False
Is 2 a factor of 123?
False
Is 50 a factor of 6100?
True
Is 63 a factor of 4178?
False
Does 89 divide 45659?
False
Is 972 a multiple of 12?
True
Is 10 a factor of 530?
True
Is 10575 a multiple of 75?
True
Is 3 a factor of 6336?
True
Is 27 a factor of 2324?
False
Is 6699 a multiple of 33?
True
Does 49 divide 235?
False
Does 5 divide 1640?
True
Does 31 divide 31?
True
Is 1008 a multiple of 24?
True
Is 32 a factor of 3776?
True
Is 494 a multiple of 13?
True
Is 84 a factor of 924?
True
Is 21 a factor of 378?
True
Is 2898 a multiple of 14?
True
Is 4566 a multiple of 98?
False
Does 8 divide 12416?
True
Is 4752 a multiple of 6?
True
Does 28 divide 9110?
False
Is 61151 a multiple of 16?
False
Does 116 divide 11253?
False
Is 56 a factor of 112?
True
Is 1477 a multiple of 20?
False
Is 2493 a multiple of 10?
False
Is 3 a factor of 1386?
True
Is 41 a factor of 86?
False
Does 10 divide 80?
True
Is 36 a factor of 136?
False
Is 532 a multiple of 14?
True
Is 2695 a multiple of 55?
True
Is 20 a factor of 1840?
True
Does 10 divide 2650?
True
Is 27 a factor of 93015?
True
Is 29 a factor of 22765?
True
Does 18 divide 774?
True
Is 12 a factor of 3036?
True
Does 48 divide 3840?
True
Does 8 divide 3955?
False
Is 97 a multiple of 3?
False
Does 68 divide 17068?
True
Is 105 a factor of 4045?
False
Is 1288 a multiple of 23?
True
Is 585 a multiple of 13?
True
Does 13 divide 120197?
False
Is 24 a factor of 3336?
True
Is 45440 a multiple of 142?
True
Is 2596 a multiple of 44?
True
Is 2911 a multiple of 41?
True
Does 11 divide 218?
False
Is 188 a factor of 8272?
True
Is 11216 a multiple of 60?
False
Is 13 a factor of 12194?
True
Is 2695 a multiple of 77?
True
Is 32 a factor of 14820?
False
Is 13963 a multiple of 39?
False
Is 29 a factor of 877?
False
Is 251 a multiple of 105?
False
Does 165 divide 16665?
True
Does 37 divide 32227?
True
Is 3959 a multiple of 6?
False
Is 9 a factor of 3024?
True
Is 22877 a multiple of 2?
False
Is 840 a multiple of 8?
True
Is 35536 a multiple of 164?
False
Is 22932 a multiple of 12?
True
Is 3 a factor of 877?
False
Does 7 divide 220?
False
Is 2088 a multiple of 12?
True
Is 19 a factor of 1603?
False
Is 4 a factor of 980?
True
Is 12606 a multiple of 33?
True
Is 25 a factor of 1800?
True
Is 62640 a multiple of 145?
True
Is 25 a factor of 6509?
False
Is 266 a multiple of 19?
True
Is 28 a factor of 8594?
False
Is 46 a factor of 369?
False
Is 47008 a multiple of 52?
True
Does 8 divide 1553?
False
Is 444 a multiple of 5?
False
Is 277 a multiple of 20?
False
Is 127 a factor of 4721?
False
Does 7 divide 266?
True
Is 9381 a multiple of 59?
True
Is 130 a factor of 9100?
True
Is 167 a multiple of 6?
False
Is 89 a factor of 44471?
False
Is 104 a factor of 5408?
True
Is 2044 a multiple of 4?
True
Is 684 a multiple of 57?
True
Is 10291 a multiple of 69?
False
Is 6623 a multiple of 37?
True
Is 2576 a multiple of 46?
True
Is 144 a factor of 18720?
True
Does 19 divide 44764?
True
Does 235 divide 96294?
False
Is 16 a factor of 288?
True
Does 10 divide 250?
True
Is 86286 a multiple of 45?
False
Is 28 a factor of 67?
False
Is 2436 a multiple of 87?
True
Is 15 a factor of 2805?
True
Is 30 a factor of 3990?
True
Is 4 a factor of 4804?
True
Is 1943 a multiple of 12?
False
Is 83 a factor of 1079?
True
Does 64 divide 14116?
False
Is 32 a factor of 2035?
False
Does 5 divide 38?
False
Is 826 a multiple of 14?
True
Does 50 divide 650?
True
Is 3150 a multiple of 14?
True
Is 1292 a multiple of 36?
False
Is 12 a factor of 17888?
False
Does 17 divide 5224?
False
Does 210 divide 58574?
False
Does 11 divide 449?
False
Does 10 divide 688?
False
Is 68 a factor of 2108?
True
Does 37 divide 108476?
False
Is 355 a multiple of 28?
False
Is 9 a factor of 2484?
True
Is 21 a factor of 462?
True
Is 382 a multiple of 25?
False
Is 4 a factor of 468?
True
Is 6 a factor of 3426?
True
Is 1677 a multiple of 73?
False
Is 15 a factor of 464?
False
Is 20992 a multiple of 32?
True
Is 42 a factor of 20496?
True
Does 11 divide 3179?
True
Does 7 divide 1708?
True
Does 103 divide 8773?
False
Is 261 a factor of 36443?
False
Is 140 a multiple of 28?
True
Is 1638 a multiple of 21?
True
Is 3870 a multiple of 18?
True
Is 4 a factor of 5640?
True
Does 3 divide 511?
False
Is 19 a factor of 3135?
True
Does 156 divide 5099?
False
Does 3 divide 268?
False
Does 46 divide 3720?
False
Does 68 divide 7684?
True
Does 53 divide 9957?
False
Is 61 a factor of 2806?
True
Is 1296 a multiple of 81?
True
Does 15 divide 11493?
False
Does 4 divide 2429?
False
Is 196 a multiple of 4?
True
Is 54579 a multiple of 11?
False
Is 90 a factor of 40770?
True
Is 3 a factor of 1096?
False
Is 6079 a multiple of 3?
False
Does 24 divide 23592?
True
Is 5 a factor of 22428?
False
Does 39 divide 3666?
True
Is 272 a multiple of 16?
True
Is 4300 a multiple of 20?
True
Is 78 a multiple of 13?
True
Is 195 a factor of 22576?
False
Does 6 divide 2336?
False
Is 72 a factor of 1646?
False
Is 1508 a multiple of 6?
False
Does 3 divide 1950?
True
Is 25992 a multiple of 12?
True
Is 7 a factor of 1399?
False
Is 513 a multiple of 57?
True
Is 403 a multiple of 31?
True
Is 3440 a multiple of 21?
False
Is 1737 a multiple of 9?
True
Does 16 divide 218?
False
Does 2 divide 2182?
True
Is 13 a factor of 2691?
True
Is 22 a factor of 31?
False
Does 20 divide 2060?
True
Is 14 a factor of 41902?
True
Is 4 a factor of 15976?
True
Is 246 a factor of 26568?
True
Is 21 a factor of 11386?
False
Is 15 a factor of 6555?
True
Does 45 divide 65612?
False
Is 1402 a multiple of 27?
False
Does 6 divide 34?
False
Does 11 divide 444?
False
Is 62 a factor of 41971?
False
Is 75 a factor of 36148?
False
Is 13776 a multiple of 56?
True
Does 15 divide 269?
False
Is 3078 a multiple of 54?
True
Is 11 a factor of 121?
True
Is 33 a factor of 396?
True
Does 36 divide 288?
True
Is 6 a factor of 31932?
True
Does 4 divide 1222?
False
Is 1886 a multiple of 12?
False
Is 22818 a multiple of 15?
False
Is 324 a factor of 42643?
False
Does 8 divide 40995?
False
Is 27 a factor of 621?
True
Is 10 a factor of 375?
False
Is 1656 a multiple of 72?
True
Does 58 divide 610?
False
Is 1912 even?
True
Is 1566 a multiple of 18?
True
Is 60 a multiple of 2?
True
Is 753 a multiple of 4?
False
Is 3 a factor of 11103?
True
Does 62 divide 15925?
False
Is 144 a multiple of 3?
True
Is 264 a multiple of 11?
True
Is 403 a multiple of 4?
False
Does 3 divide 1749?
True
Does 50 divide 350?
True
Does 12 divide 1872?
True
Is 6 a factor of 7314?
True
Is 9 a factor of 81?
True
Is 5 a factor of 33905?
True
Is 37 a factor of 923?
False
Is 136 a factor of 5848?
True
Does 17 divide 17680?
True
Is 102 a multiple of 3?
True
Is 35 a factor of 385?
True
Does 9 divide 4410?
True
Is 69 a factor of 5451?
True
Is 49 a factor of 292?
False
Is 1725 a multiple of 5?
True
Is 7 a factor of 33270?
False
Is 25 a factor of 825?
True
Is 21 even?
False
Is 2134 a multiple of 11?
True
Does 11 divide 19657?
True
Is 30 a factor of 1260?
True
Does 5 divide 4358?
False
Does 22 divide 3872?
True
Is 4100 a multiple of 9?
False
Does 59 divide 21387?
False
Is 96 a multiple of 12?
True
Is 200 a multiple of 40?
True
Is 31 a factor of 20807?
False
Does 4 divide 9669?
False
Is 260 a multiple of 13?
True
Is 112 a factor of 4928?
True
Is 3 a factor of 116?
False
Is 48316 a multiple of 188?
True
Is 12 a factor of 3384?
True
Does 11 divide 7788?
True
Is 217 a factor of 38063?
False
Is 21643 a multiple of 76?
False
Is 849 a multiple of 161?
False
Is 42 a factor of 344?
False
Is 56 a factor of 25278?
False
Is 170 a multiple of 10?
True
Is 42 a factor of 79129?
False
Is 344 a multiple of 6?
False
Is 9630 a multiple of 15?
True
Does 216 divide 3813?
False
Does 18 divide 558?
True
Is 225 a multiple of 15?
True
Does 235 divide 4942?
False
Is 21088 a multiple of 16?
True
Is 17025 a multiple of 57?
Fal